7cc
Convert 10102031 (base 4) to base 16.
448d
-365 (base 15) to base 6
-3322
-a5b6 (base 12) to base 16
-46da
-1002210 (base 3) to base 13
-49b
What is 523103 (base 6) in base 15?
c759
What is -5443 (base 7) in base 6?
-12554
-5513 (base 8) to base 6
-21215
Convert bb7 (base 14) to base 7.
6520
Convert -10951 (base 13) to base 6.
-351324
What is -2303 (base 10) in base 14?
-ba7
What is -21023 (base 4) in base 11?
-494
-122201 (base 3) to base 13
-2aa
Convert -58906 (base 10) to base 6.
-1132414
Convert -630 (base 15) to base 5.
-21040
What is -6aa (base 12) in base 4?
-33202
What is 1365 (base 9) in base 15?
48b
135 (base 7) to base 9
83
-90c1 (base 14) to base 6
-311041
What is 3113 (base 5) in base 15?
1c3
What is -1000110100 (base 2) in base 4?
-20310
Convert -1010110111010 (base 2) to base 11.
-41a7
431a (base 12) to base 15
22b1
Convert 2404 (base 6) to base 16.
244
431 (base 15) to base 10
946
What is -5b7c (base 15) in base 13?
-8b26
Convert d6 (base 16) to base 2.
11010110
What is -18 (base 12) in base 2?
-10100
71 (base 10) to base 15
4b
-100111101010110 (base 2) to base 4
-10331112
Convert -11222 (base 10) to base 14.
-4138
-190 (base 13) to base 4
-10132
What is 490 (base 12) in base 6?
3100
What is -100010111011011 (base 2) in base 16?
-45db
Convert -1344241 (base 5) to base 3.
-1102111200
73361 (base 8) to base 15
904e
What is 71780 (base 9) in base 3?
2101212200
What is 857 (base 12) in base 13?
72a
What is -11110011011 (base 2) in base 13?
-b6a
-1337 (base 10) to base 8
-2471
What is 10a2 (base 11) in base 15?
663
21c82 (base 14) to base 15
19497
What is -392 (base 12) in base 7?
-1403
-5834 (base 9) to base 4
-1003210
Convert -433102 (base 5) to base 15.
-45a2
-10011111001 (base 2) to base 11
-a58
What is 22c (base 14) in base 7?
1155
Convert -3c00 (base 14) to base 13.
-4a82
-179ba (base 13) to base 16
-b22e
What is 43344 (base 5) in base 4?
232132
-122 (base 14) to base 8
-342
What is -4415 (base 14) in base 6?
-130311
-2073 (base 10) to base 5
-31243
-3451 (base 6) to base 4
-30313
What is -110340 (base 5) in base 7?
-14132
What is 11011010 (base 2) in base 16?
da
Convert -1ee (base 16) to base 10.
-494
352 (base 6) to base 13
aa
What is 112021 (base 6) in base 15?
2c47
Convert -1120 (base 3) to base 4.
-222
-a79 (base 13) to base 3
-2110022
-302312 (base 4) to base 15
-e6e
What is 1110120101 (base 3) in base 2?
111000010101110
104401 (base 6) to base 13
3cca
What is 101121201 (base 3) in base 12?
4591
What is -ceaa (base 15) in base 3?
-2020002121
1101110110 (base 2) to base 4
31312
What is -967 (base 11) in base 4?
-102022
-452235 (base 6) to base 2
-1001010011011111
Convert 38 (base 15) to base 2.
110101
-1111000001110 (base 2) to base 3
-101112222
-794 (base 12) to base 8
-2140
Convert 1121 (base 6) to base 16.
109
12b (base 12) to base 8
263
8d5 (base 15) to base 2
11111010000
-1101010110100001 (base 2) to base 12
-27795
What is 7793 (base 10) in base 5?
222133
-7610 (base 11) to base 9
-14711
Convert 318 (base 11) to base 3.
112011
Convert 3784 (base 13) to base 16.
1eca
Convert -36103 (base 8) to base 9.
-23141
What is 31e (base 16) in base 15?
383
Convert 907 (base 14) to base 4.
123223
What is -24304 (base 5) in base 6?
-12245
Convert 1cc (base 15) to base 6.
1533
Convert 33965 (base 10) to base 5.
2041330
Convert -365 (base 15) to base 7.
-2150
Convert -117444 (base 9) to base 3.
-10121111111
113 (base 9) to base 3
10110
Convert 1974 (base 10) to base 12.
1186
What is -19b (base 16) in base 3?
-120020
2011120 (base 3) to base 12
ab9
8723 (base 14) to base 2
101101100111011
What is 1581 (base 9) in base 11?
9a8
What is 120011010 (base 3) in base 7?
44130
Convert 1010110 (base 3) to base 5.
11242
What is -80b9 (base 12) in base 8?
-33215
Convert -1247 (base 11) to base 9.
-2204
What is -2382 (base 12) in base 9?
-5418
5466 (base 8) to base 14
1090
What is -15a93 (base 12) in base 9?
-46373
What is 1f3 (base 16) in base 3?
200111
What is -237 (base 13) in base 3?
-112020
2137 (base 8) to base 14
59d
Convert 100320 (base 5) to base 2.
110010001010
What is -2542 (base 11) in base 8?
-6361
a57 (base 12) to base 3
2001211
What is -2247 (base 13) in base 5?
-123131
Convert 695 (base 13) to base 11.
943
What is -222 (base 10) in base 7?
-435
Convert -40710 (base 10) to base 6.
-512250
Convert 6a54 (base 11) to base 7.
35661
-21c (base 16) to base 5
-4130
What is -1864 (base 10) in base 12?
-10b4
-20333 (base 6) to base 9
-3653
Convert 1056 (base 8) to base 15.
273
6ae (base 15) to base 10
1514
Convert -21203011 (base 4) to base 9.
-58574
-47e (base 15) to base 4
-33323
Convert 24030 (base 6) to base 9.
4680
What is 32c0 (base 14) in base 4?
2021120
What is 1623 (base 7) in base 3?
220020
Convert 12212 (base 3) to base 16.
9e
What is 1011111001 (base 2) in base 13?
467
-24427 (base 11) to base 2
-1000100100101111
What is -1301313 (base 4) in base 2?
-1110001110111
What is 6902 (base 14) in base 12?
a672
What is -1025454 (base 6) in base 9?
-76247
Convert -ba8a (base 15) to base 9.
-60164
What is 92 (base 14) in base 10?
128
What is -570 (base 11) in base 13?
-406
Convert -562 (base 10) to base 3.
-202211
What is 100011101111 (base 2) in base 6?
14331
Convert -200010222 (base 3) to base 10.
-13229
What is 5621 (base 7) in base 6?
13212
1010110110 (base 2) to base 10
694
-2a857 (base 11) to base 14
-11c7c
a351 (base 11) to base 4
3112201
-123 (base 7) to base 8
-102
What is -1101201 (base 6) in base 13?
-1bba4
Convert 121021 (base 3) to base 11.
36a
Convert 9756 (base 13) to base 9.
31753
Convert -11101122 (base 3) to base 16.
-c83
6521 (base 8) to base 12
1b81
-67a (base 11) to base 12
-579
16 (base 8) to base 14
10
541 (base 7) to base 8
422
Convert -1808 (base 11) to base 2.
-100100000011
-56157 (base 8) to base 12
-1183b
What is ae45 (base 15) in base 4?
21001211
Convert 159 (base 10) to base 5.
1114
What is 133035 (base 6) in base 3?
121220212
What is -30044 (base 5) in base 7?
-5352
-4535 (base 7) to base 13
-995
14312 (base 5) to base 3
1122201
48 (base 14) to base 3
2101
Convert 67886 (base 9) to base 14.
12683
-133020 (base 4) to base 13
-ba3
Convert -4367 (base 8) to base 14.
-b9d
Convert -b8aa (base 13) to base 14.
-94cb
Convert -11203 (base 6) to base 2.
-11000110011
Convert -38 (base 10) to base 6.
-102
38467 (base 9) to base 13
ba34
Convert 299a (base 14) to base 2.
1110011011100
1378 (base 14) to base 9
4640
Convert 3132 (base 5) to base 3.
120110
Convert 2d95 (base 14) to base 5.
230132
Convert ba5 (base 15) to base 16.
a46
What is 146 (base 11) in base 5?
1141
What is -34322 (base 5) in base 8?
-4636
3012 (base 7) to base 4
100032
91a8 (base 14) to base 6
311532
Convert 269 (base 11) to base 4.
10331
Convert 23113 (base 5) to base 10.
1658
What is 5cd (base 16) in base 14?
781
Convert 110 (base 10) to base 4.
1232
What is -12665 (base 12) in base 7?
-133163
10011 (base 6) to base 10
1303
Convert -143440 (base 5) to base 14.
-2332
Convert 8 (base 14) to base 3.
22
28410 (base 11) to base 13
15528
206 (base 14) to base 16
18e
-7cb2 (base 14) to base 9
-32708
What is -22321333 (base 4) in base 5?
-2412141
Convert -6c6 (base 16) to base 2.
-11011000110
What is -206d (base 14) in base 12?
-3295
23440 (base 5) to base 8
3321
381 (base 14) to base 3
221222
1000020 (base 3) to base 7
2100
Convert 114 (base 7) to base 8.
74
-474 (base 11) to base 15
-27a
163 (base 14) to base 8
433
Convert -27143 (base 9) to base 16.
-47a9
What is -7d5 (base 15) in base 3?
-2102202
Convert -102564 (base 8) to base 3.
-1201212100
-471 (base 8) to base 10
-313
Convert 26f4 (base 16) to base 11.
7546
Convert -742 (base 12) to base 16.
-422
11113 (base 5) to base 10
783
What is -15716 (base 10) in base 15?
-49cb
511 (base 11) to base 6
2505
Convert -137 (base 10) to base 11.
-115
144 (base 6) to base 13
4c
Convert aa3c (base 13) to base 6.
301435
-540 (base 9) to base 6
-2013
What is -5035 (base 7) in base 11?
-1343
What is -300022 (base 4) in base 8?
-6012
What is 9502 (base 14) in base 12?
12a3a
Convert 59 (base 13) to base 2.
1001010
What is -222 (base 16) in base 9?
-666
Convert 2502 (base 6) to base 7.
1535
1122002 (base 3) to base 15
545
What is 3826 (base 9) in base 14?
1083
What is 11103 (base 6) in base 5?
22201
10090 (base 